c) = -25*c - 34*c**2 + 45 + c**3 + 11*c**2 - 10*c - 6 - 10*c**2. Let a be m(34). Determine f(a).
-14
Let n(u) = -2*u**3 + 8*u**2 - 3*u - 3. Let l be 4 - (-160)/(-56) - (-104)/56. Determine n(l).
6
Let g(y) = y**2 + 9*y + 1. Let n(l) = l**3 - 6*l**2 + 8*l - 8. Let r be n(5). Let p be 2/(-3)*((-41)/(-2) - r). What is g(p)?
1
Suppose 3*c = 3*w + 48, 2*w + 53 = 8*c - 45. Let l(r) = -r**2 + 7*r + 1. Give l(c).
-43
Let f(r) = r**3 - 17*r**2 - 39*r + 13. Let w = 4132 + -4113. What is f(w)?
-6
Let d = -501 + 503. Let t(h) = d - 5 + 1 + 1 + h + h**2. Give t(2).
5
Let z(n) = -n**2 + 10*n. Suppose 0 = 3*b + 13 - 34. Let q(k) be the second derivative of k**4/12 - 11*k**3/6 + 56*k. Let l(s) = b*z(s) + 6*q(s). What is l(4)?
0
Let p = 2206 + -2205. Let c(b) = 16*b + 17. Give c(p).
33
Let p(x) = -x**3 + 10*x**2 + x - 9. Let k(r) = -r**3 + 11*r**2 + 7. Let s be k(11). Let v(w) = -w**2 + 7*w + 10. Let z be v(s). What is p(z)?
1
Let r(k) = -11*k**2 - 113*k - 261. Let t(l) = 4*l**2 + 38*l + 92. Let x(n) = 6*r(n) + 17*t(n). Calculate x(16).
-2
Let p = 337 + -427. Let g be ((-8)/28 - p/21)*-1. Let t(x) = 5*x + 7. Give t(g).
-13
Let i(s) = -s**3 + 12*s**2 - 12*s + 9. Let g be i(11). Let t(u) = -u**2 - 3*u + 19 - 21*u**3 + 24*u**3 + 6 - 28. Determine t(g).
-25
Let p(h) = -8*h - 22. Let v be p(-10). Let u(c) be the first derivative of v*c - 57*c - c**2 + 30 - 3. Determine u(2).
-3
Let l(c) = c - 10. Let f be l(7). Let m be f - (-4 + -5 + 0 + 3). Let y(z) = -3*z**2 + 4*z**2 - 7*z**m - 7*z**3. Give y(1).
-13
Let u be 0 + 1/((-3)/(-6)). Let w(l) = 3*l**u + 6 - 8*l + 14*l - 3*l - 3 + l**3. Suppose -3*n - n - 15 = 3*d, 5*n + 3*d + 18 = 0. What is w(n)?
-6
Let q(w) = 13*w - 196. Let c(d) = d**2 - 6*d - 57. Let u be c(-6). What is q(u)?
-1
Suppose -14*k - 20 = -18*k. Suppose k*t - 3*c = -2, -12 = 4*t - 4*c - 4. Let a(q) = -2*q**3 + 3*q**2 - q**3 - 5 + 2*q**3 + 2*q**t. Give a(4).
11
Suppose 109 = 31*p + 16. Suppose -2*t + 0 = i + 1, 0 = -5*t - i + 5. Let u(m) = 2*m**t + 4 + m**2 - m**3 - p*m + 3*m**2 - 4*m. Calculate u(4).
8
Let p(m) = -m**2 - m + 7. Let o(q) be the first derivative of q + 18. Let s(x) = 3*o(x) - p(x). Calculate s(3).
8
Let g(q) = q**2 - 8*q - 7. Let r(b) = -b**2 - 1. Let u(j) = g(j) + 2*r(j). Let f be u(-8). Let n(d) = -21 - 1911*d + 2 + 959*d + 951*d. Give n(f).
-10
Let h = 3 - -5. Let n(f) = 8 - 3*f + h*f - 7*f - 2. Calculate n(-5).
16
Let l be (0 + 1)/(0 + 9 + -8). Let z(o) = 4*o - l - 9 + 4 - 5*o. Determine z(-6).
0
Let w(u) be the second derivative of u**5/20 + 4*u**4/3 - 7*u**3/3 + 53*u**2/2 - 733*u. Give w(-17).
2
Suppose 19*h - 22*h = -333. Let q(d) = d**2 + 112*d + h*d - 232*d - 12. What is q(9)?
-12
Let u(r) = -r**2 - r - 1. Let f(c) = -4. Let d(q) = -f(q) + u(q). Suppose 17*h - 48 - 110 = -209. Determine d(h).
-3
Let w(b) be the third derivative of b**5/20 - b**4/12 + b**3/6 - 3*b**2. Suppose 3*o - 1 = 4*r, -15*o + 11 = -2*r - 10*o. What is w(r)?
9
Let f be 2 + (-14)/(-28) + 1/2. Let w(k) be the third derivative of 8*k**2 + 0*k - 1/60*k**5 + 0 + 1/3*k**3 + 0*k**4. What is w(f)?
-7
Let d(f) be the first derivative of -f**3/3 + 3*f**2 + 16*f - 934. Give d(14).
-96
Let c(l) = 11*l**2 - 23*l + 80. Let r(j) = 13*j**2 - 24*j + 112. Let i(w) = 6*c(w) - 5*r(w). Give i(21).
-17
Let j(o) = -4*o - 14*o**2 - 4 + 11*o**2 + 7 + 6*o**2. Give j(2).
7
Let u(b) = -b**2 + 7*b - 4. Let i be 34/16 + (-3)/24. Suppose -2*d = 4*q - 4, i*q = 3*d - 0*q - 6. Suppose d*n - 38 = -26. Give u(n).
2
Let l(w) be the second derivative of -w**5/20 + 2*w**4/3 + w**3 - 11*w**2/2 - 717*w + 2. Determine l(8).
37
Suppose -3 = -3*q - 24. Let k(a) be the first derivative of -a**4/4 - 2*a**3 + 2*a**2 + a - 11102. Determine k(q).
22
Let c(y) = -43 - y - 24 + 39 - 12. Determine c(-39).
-1
Let i(h) = -6*h**2 + 7*h - 17. Let c(v) = -31*v**2 + 36*v - 95. Let m(n) = -2*c(n) + 11*i(n). Determine m(2).
-3
Let x(q) be the third derivative of q**4/2 - 2*q**2 + 2*q + 136. Let p be (-10)/(-15)*3/(-2). Give x(p).
-12
Let q(f) = f**3 - 11*f**2 - 3*f + 46. Let o be (-7 + (-2*(-12)/(-6) - -22))*1. Give q(o).
13
Let l(c) = 14*c**2 - 6*c + 16. Let n(f) = 47*f**2 - 20*f + 47. Let d(u) = -10*l(u) + 3*n(u). Determine d(-5).
6
Let c(h) = -13 + 2 + 11 + 9 - h**2 + 5*h. Let b be (11 - (1 - -3)) + 7 + -7. Give c(b).
-5
Let z(a) = -4 + 4127*a**3 + 2 - 3*a + a**2 - 4129*a**3 - 2. What is z(-3)?
68
Suppose -12*f - 5*f = 0. Let p(b) be the second derivative of b**5/20 - b**4/12 + b**3/6 + 3*b**2/2 - b + 4. Give p(f).
3
Let m(a) = -2*a**3 - 17*a**2 - 3*a + 27. Suppose -21*r = -43 + 149 + 62. Determine m(r).
-13
Let x(f) = -11*f + 1. Let a(z) = -z**3 - 25*z**2 + 83*z - 14. Let q be a(-28). Suppose -2*j = 3*v + q, 3*v = -j - 4*j - 17. Give x(j).
12
Let w(u) = 160*u + 12 - 11*u**2 - 170*u + 6*u**3 + 4 - 7*u**3 - 4. Determine w(-11).
122
Let r(u) be the second derivative of -u**4/12 + 11*u**3/6 + 5*u**2/2 - 3*u. Suppose 0 = 145*c - 45*c + 439 - 1439. What is r(c)?
15
Let k(h) = h - h - 132*h**3 + 2*h**2 - 1 + 129*h**3. Let z(t) = -30*t + 239. Let b be z(8). Calculate k(b).
4
Let n(r) be the second derivative of r**5/20 - r**4/12 - r**3 + 7*r**2/2 - 3809*r. What is n(4)?
31
Let x(b) = -4*b**2 + b - 2 - 3*b**2 + 8*b**2 + b**3 + 3 + 5*b**2. Give x(-6).
-5
Suppose -2*n - 25 = 3*s, 0*n + 2*n = s + 11. Let z(h) = -2*h**3 - 19*h**2 - 11*h - 5. Let o be z(s). Let c(q) = q**2 - 14*q + 9. What is c(o)?
-4
Let l be (-2)/(9 - 7) + (-120)/((-40)/4). Let f(y) = -9 + y - 6 + 0*y. What is f(l)?
-4
Let x(i) = i**2 - 7*i - 5. Let r(u) = -8*u + 520. Let k be r(-14). Let t = 639 - k. What is x(t)?
-5
Let z(r) = r**2 - 3*r - 86. Let a be z(-8). Let b(h) = 1 - 4*h**3 - 2984*h**2 + 1495*h**2 + 1490*h**2 - a*h. What is b(1)?
-4
Let u(f) = 3*f**2 - 13*f + 11. Suppose 5*v + 13 = -2*n + 33, -3*n + 15 = 0. Let r(w) = -w**2 + 7*w - 5. Let a(z) = v*u(z) + 5*r(z). Give a(-9).
-3
Let c(v) be the first derivative of -10*v - 322 + 9/2*v**2 + 1/3*v**3. Let q(y) = 2*y + 2. Let o be q(-6). What is c(o)?
0
Let i = -104 + 99. Let r(q) = q**2 + 13*q + 34. Let d be r(i). Let y(v) = -3*v - 1. Give y(d).
17
Let c(y) = -8*y - 237. Let v be 112/(-6)*(-48)/(-32). What is c(v)?
-13
Let v(u) = -2*u**3 + 3*u**2 + u - 2. Let b(a) = 5*a**3 - 13*a**2 - 5*a + 11. Let q(x) = b(x) + 3*v(x). What is q(-3)?
2
Let g(s) = 4 - 9*s**2 - 4 + 4*s + 14*s**2 - 6*s**2. Suppose 3*n - 8 = b - 3*b, 3*b - 12 = -n. Suppose 0 = -2*i - q + 6, -1 = -b*i + q + 17. What is g(i)?
0
Let g(c) = -c**3 + 4*c - 13*c**2 - 13 - 7*c + 2*c. Suppose 4*r + 2*b + 60 = 0, 0*b = -r - b - 17. Calculate g(r).
0
Let h = -236 + -728. Let j be (-2)/(-5) - h/(-10). Let p = j - -92. Let r(t) = -t**3 - 3*t**2 + 5*t + 3. Determine r(p).
-1
Let o(w) be the first derivative of -w**2/2 + 884. Suppose v - 7 + 3 = 0. What is o(v)?
-4
Suppose -16*j + 12*j + 279 = -5*c, j = 5*c + 66. Suppose -66*y = -j*y - 20. Let x(b) = -b + 1. Calculate x(y).
5
Let u(h) be the second derivative of -29*h**4/12 - h**3/3 - h**2 + 2*h - 618. Calculate u(-1).
-29
Let v(n) be the third derivative of -n**5/60 + 9*n**4/8 - 17*n**3/3 - 4092*n**2. Calculate v(25).
16
Let a(t) = t - 6. Let u(h) be the second derivative of h**3/6 - 9*h**2/2 - 10*h. Let y be u(12). Suppose -2*q = -y - 9. Determine a(q).
0
Let m(h) = -h**3 - 9*h**2 + 53*h - 2. Let k(q) = q**3 + 8*q**2 - 45*q + 1. Let j(i) = -6*k(i) - 5*m(i). What is j(-3)?
-11
Let q(z) = -2 + 1 - 1 + 10*z + 0. Let h be q(1). Let l(a) = 3*a**2 - 8 - 2*a**2 + h*a + 1 + 2. What is l(-8)?
-5
Let r(b) = b. Let v(s) = 21*s. Let a(m) = -54*r(m) + 2*v(m). Let p be (-11310)/45 + (-4)/6. Let l = 253 + p. Give a(l).
-12
Let g = -16085 + 16059. Let c(s) = -s**2 - 27*s - 33. Calculate c(g).
-7
Let o(j) = -9*j**2 + 14*j - 15. Let n(c) = 5*c**2 - 7*c + 8. Let m(t) = -11*n(t) - 6*o(t). Let s be m(0). Let i(h) = -16 + 11 - h + 0*h + s*h. Determine i(4).
-1
Suppose 0 = -28*w + 191 - 23. Let d(x) be the third derivative of -x**6/120 + x**5/10 + x**4/8 + 2*x**3/3 + 78*x**2. Calculate d(w).
22
Let z(q) = -49*q + 1. Let i be z(3). Let r = i + 139. Let s(a) = 0*a + 0*a - 1 - a. Give s(r).
6
Let p(i) = i**3 - 12*i**2 + 8*i + 9. Suppose -465*h - 543 + 4191 = -161*h. Calculate p(h).
105
Suppose 19*w = 14*w + 75. Let q be -5*w/(-27) - 2/(-9). Let a be (-176)/33 - (-1)/q. Let l(k) = k**2 + 5*k. Determine l(a).
0
Let x(t) = -4*t*